hat is the remainder when d is divided by q(-5)?
5
What is the remainder when (-2)/1*10/(-4) is divided by 4?
1
What is the remainder when (-171)/(-4) - (-17)/68 is divided by 11?
10
Suppose -4*g = -4*j + 68, 0 = j - 3*g - 13 - 14. Let d = -9 + 26. Suppose -86 = -4*r - 2*o, -d = -r - 2*o - 0. Calculate the remainder when r is divided by j.
11
Suppose -q = -2*l + 66, 3*l + l + 3*q = 132. Calculate the remainder when l is divided by 18.
15
Let o = 3 + 4. Suppose -23 = -v + 5*m, -o*m = -4*v - 2*m + 152. Calculate the remainder when v is divided by 15.
13
Let p = 78 + -73. Calculate the remainder when 21 is divided by p.
1
Let t = 5 - -4. Let h = 14 - t. Suppose 2*x = 3*x - 3. Calculate the remainder when h is divided by x.
2
Let r = 53 + -10. Suppose -p = 5*z - 33 - 5, -4*z + 152 = 4*p. Let a = -23 + p. Calculate the remainder when r is divided by a.
13
Let h(b) be the third derivative of -b**4/4 + 3*b**3/2 + 3*b**2. Calculate the remainder when h(-4) is divided by 17.
16
Let w(u) = -u**3 + 6*u**2 - 4*u + 3. Calculate the remainder when 43 is divided by w(2).
10
Let h be (2/2)/(4/44). Let n = h + -16. Let w = n - -6. Calculate the remainder when w is divided by 1.
0
Let d(h) = -h + 60. Calculate the remainder when d(16) is divided by 25.
19
Suppose 2*q = -q + 5*z + 29, z - 2 = 0. Suppose -2*d + 50 = -0*d. Calculate the remainder when d is divided by q.
12
Let m be (-2 - -1)/(6/(-24)). Suppose 0 - m = -b. What is the remainder when 10 is divided by b?
2
Let n(l) = l**2 + 5*l + 8. Suppose -x = 2, -2*r = x - 0*x - 20. What is the remainder when n(-8) is divided by r?
10
Suppose -4*p + 3 = w - 0, -4*w + 12 = 4*p. Calculate the remainder when 7/(-1)*2/(-2) is divided by w.
1
Suppose 65 = 4*u + 3*j, -4*u + 0*j = j - 59. Let t be (90/7)/(2/u). Let n = t - 46. What is the remainder when n is divided by 15?
14
Suppose 50*o = 52*o - 14. Calculate the remainder when 13 is divided by o.
6
Let k = 217 + -148. What is the remainder when k is divided by 24?
21
Let g(r) = r**3 + 4*r**2. Let o be g(-4). Suppose o = 4*l + l - 5. Calculate the remainder when l is divided by 1.
0
Let g(c) be the first derivative of -3*c**2/2 - 3*c + 1. Let w(v) = v**2 - 21*v + 151. What is the remainder when w(13) is divided by g(-5)?
11
Let m(r) be the second derivative of -4*r**3/3 - 2*r**2 + 2*r. Suppose h - 23 = -0*h. What is the remainder when h is divided by m(-2)?
11
Suppose 5*x - 5 = 0, -b = x - 2*x - 35. Let j = b + -18. Suppose n = 4*y + j, 5*n - 11 = y + 41. What is the remainder when n is divided by 3?
1
Suppose -n + 8 + 18 = 0. Suppose -7*b + 2*b + 70 = 0. Calculate the remainder when n is divided by b.
12
Suppose 0 = 3*o - 5*o + 10. Suppose -148 = -o*w - 4*c, -140 = -6*w + 2*w + 4*c. What is the remainder when w is divided by 11?
10
Let s(n) = -2*n + 8. Calculate the remainder when 34 is divided by s(-2).
10
Let t = 38 + -28. What is the remainder when 38 is divided by t?
8
Let r(z) = 3*z**2 + 7*z - 6. Calculate the remainder when r(4) is divided by 18.
16
Suppose -27 = -m - l + 5, 5*l + 83 = 4*m. Calculate the remainder when 52 is divided by m.
25
Let m(s) = 8*s**2 + 8*s - 18. What is the remainder when m(4) is divided by 36?
34
Let p = -1 - -4. Suppose -p*n = -15 - 6. What is the remainder when 27 is divided by n?
6
Let s = -6 + 11. Let y(t) = 0 + s + t - 2. Calculate the remainder when y(5) is divided by 5.
3
Let b = 23 - 18. Calculate the remainder when 11 is divided by b.
1
Suppose -s + 1 = 3*f, 3*s + 3 = 2*f - 16. Suppose -55 = -4*u - z - 8, -14 = -u + f*z. Calculate the remainder when 22 is divided by u.
10
Let x(v) = 8*v**3 + v**2 - v. Let d be x(1). Let n(y) = y**2 - 7*y + 10. Let b = -20 + 72. Calculate the remainder when b is divided by n(d).
16
Suppose 14 = w - 30. What is the remainder when w is divided by 17?
10
Suppose 606 - 57 = 9*y. What is the remainder when y is divided by 16?
13
Let r = 11 - 5. Suppose r*a = 3*a + 18. What is the remainder when 13 is divided by (-28)/a*(-6)/4?
6
Suppose 0 = 5*u + 10, -3*u - 13 = -t + 7. Calculate the remainder when 20 is divided by t.
6
Suppose -3*z + 71 = -2*h, 0 = 6*z - z + 5. Let d = h - -63. Calculate the remainder when d is divided by 9.
8
Suppose -182 = -0*a - 7*a. Let b = a + -24. What is the remainder when 7 is divided by b?
1
Let l be 16/10*(-1230)/12. Let j = l + 232. Calculate the remainder when j is divided by 23.
22
Suppose -5*d - 5*x + 140 = 0, -2*d + 4*x + 56 = 3*x. Suppose 0 = -k + 15 - 0. Calculate the remainder when d is divided by k.
13
Let o = 159 + -113. Suppose -4*v - 3*h = -58, 4*h = 2*h - 4. Calculate the remainder when o is divided by v.
14
Let a = -5 - -16. What is the remainder when 43 is divided by a?
10
Let v = 3 - 1. Suppose -k - 2*k + 54 = 4*s, -3*s + 4*k + 28 = 0. What is the remainder when -1 - 5*(v - 9) is divided by s?
10
Let u(i) = i**2 - 5*i - 10. Calculate the remainder when 81 is divided by u(-3).
11
Let w(z) = 7*z**3 + 1. What is the remainder when w(1) is divided by 8/(-36) - (-58)/18?
2
Let j(l) = 18*l + 91. Suppose 3*v + 20 = 8*v. Calculate the remainder when v is divided by j(-5).
0
Let y(o) = 3*o**2 - 5*o. Let b be (-944)/(-6) + (-4)/(-6). Suppose 5*c = -4*l + b, -25 = -c - l - 2*l. What is the remainder when c is divided by y(3)?
10
Let p = -33 - -61. Calculate the remainder when 73 is divided by p.
17
Let v(h) = h**2 - 5*h + 18. What is the remainder when 43 is divided by v(5)?
7
Let m = -35 - -65. Calculate the remainder when 72/m*(-40)/(-3) is divided by 11.
10
Suppose -9*c + 62 + 1522 = 0. What is the remainder when c is divided by 45?
41
Let i(r) = r**2 + 4*r + 4. Let j be i(8). Suppose -2*f - j = -6*f. Suppose -17*y + 14 = -16*y. Calculate the remainder when f is divided by y.
11
Let m be 184/6*(-6)/4. Let i = -32 - m. What is the remainder when 41 is divided by i?
13
Let v(u) = u - 3. Let b be v(6). Suppose -3*z - 2*d - 2 = 0, -2*z + 14 = -b*z - 4*d. What is the remainder when (1 - (-7)/z)*2 is divided by 5?
4
Let s(z) = -z**3 - 4*z**2 + z - 2. What is the remainder when 35 is divided by s(-5)?
17
Suppose 0 = 8*y - 95 - 17. Calculate the remainder when y is divided by 6.
2
Let a = 209 + -123. Calculate the remainder when a is divided by 30.
26
Let i = -54 - -97. Let m = 37 - 22. What is the remainder when i is divided by m?
13
What is the remainder when 25 is divided by 27*(1 + (-6)/9)?
7
Suppose 4*a - 214 + 2 = 0. Let z(l) = l**2 + 4*l - 3. What is the remainder when a is divided by z(3)?
17
Let d be 8/28 + (-12)/(-7). Let n(s) = 8*s**2 - s. Calculate the remainder when n(d) is divided by 8.
6
Calculate the remainder when (-16)/(-2)*(3 - 2) is divided by 3.
2
Let a be 26/6 + 6/9. Suppose -m = y + m - a, -4*y - 4*m = -36. Calculate the remainder when y is divided by (1 + 1)/(4/16).
5
Suppose 0 = 3*n - 12, v + 3*n - 42 = -15. Calculate the remainder when 27 is divided by v.
12
Suppose -4*h + 2*u - 6*u = -28, -h - 3*u = -3. What is the remainder when 35 is divided by h?
8
Let g(w) = -4*w - 9. Suppose -25 = -k - 0*x - 3*x, -3*k + 79 = 5*x. Calculate the remainder when k is divided by g(-6).
13
Let h(u) = -u**2 - u + 31. Let q(k) = 4*k - 16. Calculate the remainder when h(0) is divided by q(6).
7
Let z(j) = j**3 + 8*j**2 - 10*j + 11. What is the remainder when 138 is divided by z(-9)?
18
Let t = 9 - -22. Let q(z) = -z**2 + 2*z - 3. Let r be q(2). What is the remainder when t is divided by -5 - -2 - r - -11?
9
What is the remainder when (1 - -115 - -2) + -4 is divided by 23?
22
Let q(l) = l - 6. Let j be q(4). Let n be ((-3)/(-9)*0)/j. Suppose n = s - 2*s + 20. What is the remainder when s is divided by 11?
9
What is the remainder when 17 is divided by (-38)/(-5) - (16/10 + -2)?
1
Let f(a) be the third derivative of a**4/3 - a**3/2 - 3*a**2. What is the remainder when 37 is divided by f(2)?
11
Let o(i) = i**3 + 2*i**2 - 4*i - 3. What is the remainder when 14 is divided by o(-2)?
4
Suppose 0 = 4*f - 29 - 19. Calculate the remainder when 47 is divided by f.
11
Suppose 2*p + 3 = 3*p, 3*p = -4*f + 149. Let v(o) = 3*o + 3. What is the remainder when f is divided by v(5)?
17
Calculate the remainder when ((-5)/4 - -2)/(1/76) is divided by 29.
28
Let u = 45 - 30. Let r(d) = -5*d + d**2 + 3*d + 0*d - 6. Calculate the remainder when r(-5) is divided by u.
14
Suppose -v - 4*